 10001010 + -10?
10001000
In base 9, what is 1 + 202?
203
In base 8, what is 1 + 701?
702
In base 10, what is 9 + 125?
134
In base 14, what is -2 + 16b?
169
In base 12, what is -3a8 - -2?
-3a6
In base 13, what is 2 - 5b?
-59
In base 9, what is 2380 + -4?
2375
In base 9, what is -26 - 1215?
-1242
In base 5, what is 2 - 21313?
-21311
In base 10, what is 5 + -3093?
-3088
In base 11, what is -74 + 5?
-6a
In base 16, what is 4c + -34?
18
In base 15, what is 1594 + -5?
158e
In base 12, what is 4 + -68?
-64
In base 6, what is 5 + 2131?
2140
In base 16, what is 65 - -a?
6f
In base 11, what is -465 + -1?
-466
In base 14, what is 1a8 + -4?
1a4
In base 10, what is -1 + 332?
331
In base 5, what is -3 - -40340?
40332
In base 9, what is 7 + 37?
45
In base 9, what is -14 - -15?
1
In base 2, what is -10011000 + -101?
-10011101
In base 7, what is 11563 - -2?
11565
In base 10, what is -4 + -1306?
-1310
In base 11, what is -5 - -800?
7a6
In base 15, what is 0 + 21?
21
In base 3, what is -2 + 2222022?
2222020
In base 16, what is -a - a?
-14
In base 5, what is 3 + -124?
-121
In base 14, what is 3013 - 4?
300d
In base 3, what is -12 + -112222?
-120011
In base 3, what is 0 - 110011?
-110011
In base 16, what is -29aa - 3?
-29ad
In base 9, what is -28714 + 4?
-28710
In base 7, what is -21351 + 2?
-21346
In base 2, what is 10100010001 - 100?
10100001101
In base 14, what is -8 - -3?
-5
In base 9, what is 10 + -2?
7
In base 8, what is 2 - 113?
-111
In base 8, what is 1017 + -5?
1012
In base 13, what is 1 - 4?
-3
In base 15, what is 257 - d?
249
In base 9, what is 1 - 2112?
-2111
In base 3, what is -1002212 - 11?
-1010000
In base 11, what is -177 - 1?
-178
In base 5, what is 32 - 44?
-12
In base 14, what is 9 - -26b?
276
In base 12, what is -b37 + -3?
-b3a
In base 11, what is 7 - -14?
20
In base 12, what is 4 - -1275?
1279
In base 3, what is -2121 - -21?
-2100
In base 7, what is -32 - -1102?
1040
In base 2, what is 10100101 + 1?
10100110
In base 15, what is 5 + ecc?
ed2
In base 16, what is 0 + 1cd?
1cd
In base 5, what is -1011 + 10?
-1001
In base 9, what is -82 + 2?
-80
In base 3, what is 2121200 + -10?
2121120
In base 5, what is -1 - -43?
42
In base 15, what is -2 - -42?
40
In base 7, what is -1 + -46?
-50
In base 4, what is -20122 + 3?
-20113
In base 16, what is -5 + -742?
-747
In base 8, what is 363 + 4?
367
In base 12, what is a15 + 5?
a1a
In base 8, what is -2346 - 2?
-2350
In base 9, what is 3 + 788?
802
In base 7, what is 3 - -50?
53
In base 11, what is 8 - 1?
7
In base 15, what is 50 - -1b3?
213
In base 10, what is 4 - -26?
30
In base 10, what is 648 - 0?
648
In base 6, what is 1 + -112?
-111
In base 15, what is 5 - 176b?
-1766
In base 14, what is -2 + 67?
65
In base 12, what is -2 - -42?
40
In base 9, what is 4 - -105?
110
In base 16, what is -3 + -1b6?
-1b9
In base 13, what is -11 - b?
-1c
In base 12, what is 2997 + -1?
2996
In base 2, what is 110101 + 111?
111100
In base 8, what is 3 + -160?
-155
In base 8, what is 0 - -20?
20
In base 7, what is 333 + -116?
214
In base 16, what is 2 + 595?
597
In base 13, what is -9 + -1?
-a
In base 4, what is -1 + 12113?
12112
In base 10, what is -9 - -142?
133
In base 5, what is 144 - 342?
-143
In base 6, what is 1144 + 2?
1150
In base 16, what is -30 + -46?
-76
In base 2, what is -111111100100 + 1?
-111111100011
In base 12, what is 113 + -20?
b3
In base 5, what is 30202 + -2?
30200
In base 2, what is -11 - 10110?
-11001
In base 10, what is 173 + 2?
175
In base 15, what is c + 84?
91
In base 5, what is 22241 + -4?
22232
In base 11, what is -45 - 2?
-47
In base 7, what is 0 + 16?
16
In base 6, what is -102 + 0?
-102
In base 12, what is -536 + -14?
-54a
In base 4, what is 2 + 2201?
2203
In base 6, what is -14 - -205?
151
In base 2, what is 10000100010 + -111?
10000011011
In base 8, what is 2 - 33?
-31
In base 16, what is 0 + -1343?
-1343
In base 12, what is -125 - 0?
-125
In base 12, what is 8 + -584?
-578
In base 5, what is -221 + -1432?
-2203
In base 6, what is 320 + 23?
343
In base 11, what is -40 + 15?
-26
In base 13, what is 1 + -1a0?
-19c
In base 15, what is 2 - 13b7?
-13b5
In base 15, what is -5 - -19?
14
In base 16, what is -21 - -49?
28
In base 2, what is 10011 - -1010011?
1100110
In base 11, what is -40a7 - -5?
-40a2
In base 14, what is 39 + -12?
27
In base 16, what is 3 - -d5?
d8
In base 9, what is 141 - -144?
285
In base 11, what is -91 - -2?
-8a
In base 13, what is -3 + 18?
15
In base 16, what is 1327 + 5?
132c
In base 2, what is -10101 - 101001010?
-101011111
In base 8, what is -1271 + -2?
-1273
In base 15, what is -17 - 0?
-17
In base 14, what is 0 + 14?
14
In base 15, what is 1 - 4a?
-49
In base 14, what is -396 - -2?
-394
In base 3, what is -122 - 121201?
-122100
In base 2, what is 1100010 - 1010?
1011000
In base 11, what is -3 - 209?
-211
In base 3, what is -12002 - 2?
-12011
In base 13, what is 5 - 61?
-59
In base 9, what is -5 - 21?
-26
In base 7, what is 4 - 261?
-254
In base 7, what is 354 + -3?
351
In base 6, what is -545 + -5?
-554
In base 8, what is -2 - 47?
-51
In base 13, what is c1 + 5?
c6
In base 2, what is -1110101001 - 100?
-1110101101
In base 16, what is 2 - -15?
17
In base 7, what is 101 + 24?
125
In base 5, what is -2222 + -311?
-3033
In base 6, what is 11344 - -2?
11350
In base 5, what is 43 - 402?
-304
In base 2, what is 11 + 1000001?
1000100
In base 4, what is -111302 - 0?
-111302
In base 4, what is 32 - -13312?
20010
In base 6, what is 3 - -105?
112
In base 15, what is -184 - -5?
-17e
In base 11, what is -2 - 7a?
-81
In base 16, what is 8e9 - -5?
8ee
In base 2, what is 101 + -10110111100?
-10110110111
In base 10, what is 168 - 71?
97
In base 6, what is -3 - -52?
45
In base 6, what is 4 - 4215?
-4211
In base 5, what is 10 - 30440?
-30430
In base 13, what is 2 - 302?
-300
In base 9, what is 0 + 54?
54
In base 5, what is 30 + 2323?
2403
In base 7, what is -43 + 3?
-40
In base 6, what is 5 + -1324?
-1315
In base 9, what is 15 + -362?
-346
In base 15, what is -9 - 353?
-35c
In base 6, what is -51450 - -4?
-51442
In base 2, what is 100 - 1100?
-1000
In base 3, what is -211 - 2?
-220
In base 9, what is 2 + -34?
-32
In base 8, what is 55 - -7?
64
In base 11, what is -443 - 11?
-454
In base 7, what is 4 - -15131?
15135
In base 15, what is 181 - -b?
18c
In base 6, what is -1240 + -25?
-1305
In base 14, what is -2 + 11?
d
In base 8, what is 1 - 1?
0
In base 11, what is 14674 - 4?
14670
In base 11, what is -6 - 620?
-626
In base 16, what is -f + -4?
-13
In base 12, what is -6b - -1?
-6a
In base 4, what is 2101 - -13?
2120
In base 7, what is -5 + -151?
-156
In base 13, what is 18 + -3?
15
In base 7, what is 3616 + -3?
3613
In base 5, what is -10 + -123?
-133
In base 15, what is 469 + 2?
46b
In base 7, what is 0 - -1220?
1220
In base 2, what is -100100100011 + -100?
-100100100111
In base 3, what is -2220 - -110?
-2110
In base 12, what is -37 - -16?
-21
In base 5, what is 22 + -1401?
-1324
In base 15, what is -13d - -e?
-12e
In base 3, what is -10120 + -11002?
-21122
In base 4, what is 1232 + 12?
1310
In base 13, what is -11 + 434?
423
In base 15, what is -10 - -17?
7
In base 13, what is -72c - 0?
-72c
In base 8, what is -5 + 111?
104
In base 16, what is -24 - 22f?
-253
In base 8, what is 7 + -47?
-40
In base 4, what is 1 - 1310?
-1303
In base 16, what is 1f - 1?
1e
In base 16, what is 11 + 128?
139
In base 3, what is 2 - -111221?
112000
In base 9, what is 60 - -1?
61
In base 2, what is 1001011111 - 111?
1001011000
In base 15, what is -2 - -140?
13d
In base 15, what is -b - -da?
ce
In base 11, what is -321 - 68?
-389
In base 6, what is -35 - -14?
-21
In base 2, what is 10011 + 1101?
100000
In base 13, what is 29c + 1?
2a0
In base 7, what is -1662 + 4?
-1655
In base 14, what is -5 + 17?
12
In base 10, what is 28 - -1?
29
In base 5, what is 11 + 120?
131
In base 7, what is 112 + -646?
-534
In base 16, what is -130 - -19?
-117
In base 8, what is 1 + 224?
225
In base 16, what is 2 + -80?
-7e
In base 3, what is -12 + -220?
-1002
In base 4, what is -10 + 3111?
3101
In base 9, what is 10530 - -5?
10535
In base 8, what is 4 - -1014?
1020
In base 2, what is -10 + 1011110?
1011100
In base 4, what is -113133 - 11?
-113210
In base 16, what is 41 - -2?
43
In base 10, what is 187 + 3?
190
In base 15, what is e5 + 